 + 611*t**3 + t**2 - 203*t**3 - 2*t. Determine m(2).
0
Let s(i) = -i + 43*i**2 + i**3 + 47*i**2 - 90*i**2. Let m = 4 + -3. Suppose -m - 5 = -3*z. Give s(z).
6
Let v(g) = -4*g**3 + g**2 + g + 1. Let f be 5 - 16 - 1*(-14 - -5). Determine v(f).
35
Let d = -12 + 14. Let o be ((-6)/4 + d)/(14/728). Suppose 0 = -3*z - o + 11. Let a(n) = -n + 1. What is a(z)?
6
Suppose 3*s - 6 = -a, -5*s + 2*a = -115 + 94. Let t(l) = -l**3 - 2*l**2 + 3*l + 4. Determine t(s).
-32
Suppose 4 = 8*h - 60. Let r(c) = h*c + 2 + 8*c - 17*c + 9*c. Give r(-3).
-22
Let c(w) = 2*w - 20. Let p(h) = -h**3 - 27*h**2 - 25*h + 38. Let f = -59 - -33. Let s be p(f). Give c(s).
4
Let k(y) be the first derivative of -y**2/2 + 14*y - 8. Let l be k(11). Suppose -2 = l*v - v. Let w(n) = 3*n**3 - 2*n**2 + 1. Give w(v).
-4
Let i(p) = 2*p + 6. Let s = -385 - -424. Let b = 39 - s. Calculate i(b).
6
Let g(y) = -4 - 8*y + 10*y + 59*y**3 - 8*y**2 + 51*y**3 + 3*y**2 - 111*y**3. Suppose 5*a + 42 = 12. Determine g(a).
20
Let k(r) = -8 + 2*r - 6 - 3*r. Let b(o) = o + 300. Let g be b(-45). Let z be 6/(-45) + (-2261)/g. What is k(z)?
-5
Suppose -569 - 391 = -6*d. Let q = -158 + d. Let y(h) = -2*h**3 + 2*h**2 + 2*h - 2. Determine y(q).
-6
Suppose -18 = 5*i - 10*i - q, 2*q = -3*i + 15. Suppose 3*k = -d - 48 + 47, i*k = 4*d - 26. Let t(r) = -r**3 + 4*r**2 + 6*r + 7. Determine t(d).
12
Let o be (-273)/(-2)*(-2)/(-3). Suppose -7*i - o + 56 = 0. Let s(j) = j**3 + 4*j**2 - 5*j. What is s(i)?
0
Let m = -57 + 49. Let k(h) = -2*h - 17. Let x(c) = -6*c - 54. Let i(v) = -7*k(v) + 2*x(v). Calculate i(m).
-5
Let x(t) = 5*t + 8. Let j(k) = k + 2. Let n(i) = -9*j(i) + 2*x(i). Suppose -18*y = -10 + 118. Let u(o) = -o + 3. Let b(l) = y*u(l) - 7*n(l). Calculate b(-10).
6
Let f(w) = -4*w - 131. Let b be (-3*3/(-18))/(-3*10/1860). Give f(b).
-7
Let n(q) = -3*q + 7. Let t(k) = -k**3 + 3*k - 1. Let u be t(3). Let r(j) = j**3 - 16*j**2 - 163*j + 2594. Let m be r(16). Let z = m - u. Give n(z).
-8
Let u(k) = 5*k + 30. Let o(w) = -3*w - 20. Let q(z) = 8*o(z) + 5*u(z). Let g be 2/(5/(195/6)). Calculate q(g).
3
Suppose 2*m = -3*m - 2*g - 5, 0 = -2*m + 2*g + 12. Let q(y) = -m - 1 - 1 + y**2 + 100*y - 97*y. Calculate q(2).
7
Let j(p) = 47 - 1122*p**2 - 1164*p**2 + 2285*p**2. What is j(7)?
-2
Let p(c) be the second derivative of 0 - 1/2*c**2 + 4*c + 19/6*c**3. Suppose -25*i - 77 = 40*i - 12. What is p(i)?
-20
Suppose p - 3*r - 5 = 0, 0 = 6*p - 4*p - 2*r - 6. Let m(k) = -2*k**2 - 4*k**p - 5*k**2 + k**3 + 4 + 7*k**2. Give m(4).
4
Suppose 104 = 3*d - 124. Let c(f) = 15*f + f**2 + d - 73 - 15*f. Determine c(0).
3
Let f(j) = -29*j**3 + 3*j**2 - 3*j + 1. Suppose 1137*h = 1150*h - 13. Give f(h).
-28
Let l(w) = 2*w + 18. Suppose 0*t - 238 = 6*t + 28*t. Give l(t).
4
Let d(b) = -b**2 - 14*b - 30. Let t = -176 - -162. Calculate d(t).
-30
Let i(k) = k + 8. Let h be (40/12)/((96/(-36))/4). Let u(g) = 5*g + 69 + 8*g - 10. Let s be u(h). What is i(s)?
2
Let s(y) be the second derivative of -5*y**3/6 - 11*y**2/2 + 486*y. Calculate s(-6).
19
Let h(y) = y**2 - 27*y + 25. Let f = 3396 - 3371. Calculate h(f).
-25
Let c(h) = 4. Let i(t) = 8*t - 11. Let a(g) = -9*c(g) - i(g). Calculate a(-4).
7
Suppose -23 - 10 = -3*z. Suppose z = 4*t + 3. Let s(p) = -47*p - 7. Let r(n) = 57*n + 8. Let b(o) = 5*r(o) + 6*s(o). What is b(t)?
4
Suppose 13*u - 37*u = 0. Let f(x) be the third derivative of -1/2*x**3 + u + 1/4*x**4 + 0*x + 10*x**2. Determine f(2).
9
Let v(t) be the third derivative of -t**8/20160 + t**7/1680 + t**6/180 + t**5/30 - 37*t**4/8 - t**2 - 25*t. Let a(h) be the third derivative of v(h). Give a(6).
-14
Suppose 11*z - 15*z = -32. Suppose 4*g = z, 2*g + 16 = -5*v - 20. Let f(j) = -197*j**3 - 7*j**2 + 7*j + 64*j**3 + 69*j**3 + 2 + 63*j**3. Give f(v).
10
Let o(u) = 3*u**2 + 51*u - 2. Let f be o(-17). Let v(y) be the first derivative of -y**3/3 - y**2 - 57. Determine v(f).
0
Let u(z) = -323*z + 51. Let w(g) = -517*g + 80. Let y(x) = -8*u(x) + 5*w(x). Suppose -2 = 2*l - 4. Suppose b + 5 - l = 0. What is y(b)?
-4
Let c(r) = 48*r - 7. Let b = 10778 - 10780. Give c(b).
-103
Let h(b) = -3*b**3 - 6*b**2 - 6*b - 5. Let a(l) = -l**3 + l**2 - 2*l. Let i(q) = -4*a(q) + h(q). Determine i(10).
15
Let u(v) = -6*v**2 - 1. Let i(f) = f + 6. Let q be i(7). Suppose 3*z = g - q, 3*g = 10*z - 7*z + 15. Let r be (5 + z)/(1/(-2)). Give u(r).
-25
Let g(t) = t**3 - 15*t**2 - 4*t + 23. Let l = 615 - 600. What is g(l)?
-37
Let p(n) be the third derivative of n**4/24 + n**3/6 + 7*n**2. Suppose 57 + 11 = -17*c. Give p(c).
-3
Suppose v + 2*j = -3, 0 = -4*j - 13 - 15. Let a(m) = 17*m - 185. Calculate a(v).
2
Let w(f) = -f**3 - 7*f**2 - 12*f - 31. Let x be w(-6). Suppose 18 = -8*n + x*n. Let c(k) = -k - 5. What is c(n)?
1
Let d(l) = 21*l - 276. Let v(t) = 16*t**2 + 336*t + 13. Let s be v(-21). Give d(s).
-3
Let m(w) = -w. Let a be m(-3). Let n(z) = 7*z**2 + 6*z + 86. Let f(g) = 12*g**2 + 11*g + 150. Let v(d) = 4*f(d) - 7*n(d). What is v(a)?
-5
Let o(w) = -10*w**2 + 20*w + 7. Let z(h) = 32*h**2 - 63*h - 21. Let k(i) = 19*o(i) + 6*z(i). Determine k(5).
67
Let h(r) = 19*r + 43. Let n be 40/(-18) + 284/1278. Determine h(n).
5
Let k(o) = -3*o**2 + o. Suppose 11*i - 14*i = 3*y - 57, -3*i = -6*y - 39. Suppose -60 = -m - 3*m. Suppose i*j - m*j - 2 = 0. Determine k(j).
-2
Let u(d) be the third derivative of -d**5/60 - 7*d**4/8 - 20*d**3/3 + 21*d**2 - 24. What is u(-18)?
14
Suppose 0 = -5*i - 2*b - b + 47, 2*i - 5*b = -6. Let y(o) = -i*o + o**2 - 7*o - 6 + 7*o. Calculate y(8).
2
Let v(a) = a**2 + a + 1. Let j(f) = -2*f**2 - 2. Let h(y) = -2*j(y) - 3*v(y). Let b be ((-105)/2)/(27/36). Let k be 48/10 - (b/(-25) + -3). Give h(k).
11
Let z(q) be the third derivative of -3*q**5/20 - 11*q**4/24 + 13*q**3/6 + q**2 + 58*q + 18. Determine z(1).
-7
Let m = 44 + -42. Suppose -m*f + f = 3*b + 9, 1 = -b - f. Let n(y) = -y**2 - 2*y + 2. What is n(b)?
-6
Suppose 4*x - 22 = -6. Suppose x*j = -2*a - 24, -3*j = -2*a + 4*a + 17. Let u(p) = p + 4. Calculate u(j).
-3
Let p(n) = n**3 - 17*n**2 + 30. Let j be p(17). Suppose j = -7*l + 12*l. Let w(c) = 43 - 3*c - 22 - 16. Give w(l).
-13
Let d(p) = 4*p - 2*p - 7*p. Let z be (-2)/(-12) + 35/(-210). Suppose -5*y - 3 - 22 = z. Calculate d(y).
25
Suppose -4*w - 4*w = -8. Let n(j) = 8*j + w - 3 + j**2 + 7. Calculate n(-5).
-10
Let n(y) = 7*y + 7. Suppose 5*q - f - 20 = 29, q + f - 11 = 0. Suppose 5*u + i = -q, 0 = u - i - 4 + 6. Give n(u).
-7
Let p(d) = 5*d + 42*d**2 - 14*d**2 - 18*d**2 - 16 + 11*d - 35*d**3 + 34*d**3. Determine p(11).
39
Let b(g) = -g - 2. Let y = -669 + 1048. Let u = 374 - y. Determine b(u).
3
Let o = 3318 + -3332. Let y(p) = -p**2 - 13*p + 6. What is y(o)?
-8
Let m(n) = -n - 2. Let t(z) be the first derivative of z**2 + 22*z - 4. Let f be t(-13). What is m(f)?
2
Let g(b) be the third derivative of b**5/60 - b**4/2 + 5*b**3/3 - 697*b**2. Determine g(6).
-26
Let f(r) = r**3 + 4*r**2 - 8*r - 6. Let v be f(-5). Let y be (5/(-2))/(5/(-4)). Let o(x) = 6*x**2 + y - 4*x**2 + 8*x + 2 - 3*x**2. Give o(v).
-5
Suppose 7*r - 419 = -104. Let b = 40 - r. Let j be 5/(-25)*b/2*0. Let h(u) = -u**3 - u**2 + u - 9. Determine h(j).
-9
Suppose -31*s = -29*s - 6. Let v(q) = -q. Let b(j) = 12*j - 1. Let l(m) = b(m) + 6*v(m). What is l(s)?
17
Let o(r) = -5*r - 18. Let f be o(-4). Suppose 3*k + f*k - 25 = 0. Let n(u) = 4*u + u - 5*u**2 - 7*u + u**3 + 7*u - 5. Give n(k).
20
Let z = -7 - -10. Let y(h) = -5*h**3 + 21*h - 23 + 12 - 20*h + 18 + 6*h**3 - 3*h**2. What is y(z)?
10
Let l(f) = 186 - 550 + 177 - 12*f + 186. Give l(1).
-13
Let d(o) = 14*o**3 - 1. Let y(f) be the first derivative of -f**3/3 - 2*f**2 - 3*f + 34. Let g be y(-2). What is d(g)?
13
Let p(r) be the second derivative of r**4/12 - 7*r**3/6 + r**2 - 3*r. Suppose -26*g - 228 = -358. Give p(g).
-8
Let f(b) = -b + 11. Let k be f(-5). Suppose -2 + 3 = 5*y + 3*g, 5*y = 2*g + k. Let s(w) = -1 + 564*w + w**2 - 559*w + y. Calculate s(-6).
7
Let d be ((-6)/(-2))/((-2)/(-22)). Suppose 3 = -5*w + d. Suppose -w*n = 5*a - 3*n + 16, -3*a - 14 = 4*n. Let u(t) = t**3 - t**2 - 2*t. Calculate u(a).
-8
Let j(g) be the third derivative of -g**4/8 + g**3 + 45*g**2 - 37. Give j(3).
-3
Let j(b) = -b**3 - 5*b**2 - 5*b + 11. Let l = -10968 + 10964. Give j(l).
15
Let p(j) = 0*j - 14*j + 4*j - 16 + 9*j. Let d(x) = 8. Let v(a) = -7*d(a) - 4*p(